 = -i**2 + 39*i - 145. Let s be c(n). Let f(l) = l**3 + 6*l**2 + 2*l - 3. What is f(s)?
12
Let l(h) be the third derivative of h**5/60 - h**4/2 - 1634*h**2. Give l(13).
13
Suppose -5*m + 4*m = -3. Let k(t) be the first derivative of t**5/60 - t**4/6 - t**3/6 + 8*t**2 - 13. Let s(d) be the second derivative of k(d). Determine s(m).
-4
Let k = 35 - -266. Let s = 294 - k. Let n(b) = 2*b**2 + 10*b. Determine n(s).
28
Suppose -3*c + 16 = 2*a - 0, -c + 3*a = 13. Let z(f) = -5*f**c - f**3 - 6*f**2 - 4*f + 6*f**2. Let m(y) = y**2 - 46*y + 524. Let q be m(24). What is z(q)?
0
Let l(k) = -k**2 - 5*k + 6. Let u(h) = 23*h - 4. Let n be u(-3). Suppose -3*t + 3*m + 229 = 40, -4*m - 118 = -2*t. Let v = t + n. Determine l(v).
0
Let v(u) = -3*u - 14. Let w(j) = -j - 4. Let k(q) = -v(q) + 4*w(q). Let o(x) be the second derivative of -x**3/6 + x**2 - 4*x. Let s be o(-2). What is k(s)?
-6
Let d(o) = 7*o**2 + o - 2. Suppose 0 = 2*l + 5*k - 16, -3*l + 367*k = 362*k + 26. What is d(l)?
24
Let b(c) = -c - 8. Let d(m) = -39*m**2 + 7*m - 8. Let r be d(1). Let n(p) = 2*p**2 + 78*p - 70. Let v be n(r). Determine b(v).
-18
Let n(t) be the third derivative of t**5/60 - t**4/8 - t**3/3 + 64*t**2 - 6. Give n(4).
2
Let c(s) = -s + 3. Let l = 114 + -106. Suppose 30*b + l = 34*b. Give c(b).
1
Let t(x) be the second derivative of -x**3/6 + 7*x**2 - 4*x. Let l be t(12). Let y(q) = -401*q**3 + 5*q**l - 2*q - 7 + 0*q + 402*q**3. Calculate y(-5).
3
Let l(x) = -2*x**2 - 8*x + 1. Suppose 3*u - 4*z + 17 = 0, -z - 3 + 13 = 5*u. Let r(f) = f**2 + 2. Let w(j) = u*l(j) + 3*r(j). Calculate w(6).
-5
Suppose 16*r = 6*r + 10. Let k(b) be the second derivative of 3*b**5/20 - b**2/2 + 1838*b. Determine k(r).
2
Let q(a) = -13*a**2 + 93*a + 16269 - 32533 + 16263. Determine q(7).
13
Let y(h) = -11 + 235*h**2 - 3*h + 2*h + 5*h + 3*h - 236*h**2. What is y(9)?
-29
Suppose -110*h = -151 + 72 - 141. Let v(n) = -32*n + 52. Give v(h).
-12
Let z(f) be the third derivative of 31*f**4/24 - 5*f**3/6 - 2485*f**2. Give z(-2).
-67
Let v(n) = 18*n**2 + n + 1. Let s(h) = 97*h + 37. Let m be s(-2). Let d = m + 156. Determine v(d).
18
Let b(z) be the first derivative of -z**6/360 - z**5/10 + 13*z**4/24 + 22*z**3/3 + 7*z**2/2 - 116. Let q(s) be the third derivative of b(s). Determine q(-11).
24
Suppose l + 14 - 15 = 0. Let u be (1/3)/(l/84*2). Let y(s) = u*s**3 + s**2 - 8 + 7*s - 15*s**3 - 8*s. What is y(0)?
-8
Let i(m) = 2*m + 10. Let v(g) = -g**2 + 14*g - 45. Let j be v(14). Let d = 39 + j. Give i(d).
-2
Let l(c) be the first derivative of -c**3 - 35*c**2/2 - 17*c - 755. Give l(-11).
5
Let z(x) = -x**3 - 38*x**2 - 67*x + 54. Let v be z(-36). Let u be (-3)/(-9)*5/((-30)/v). Let g(i) = -i**3 + 7*i**2 - i + 11. Calculate g(u).
4
Suppose 17*u - 1 = 84. Let x(s) = 10*s - 3 - s**2 + 6 - 5*s - 2. What is x(u)?
1
Let z(j) = j + 4. Suppose 4 = 6*a - 4*a. Suppose 3 = -r - 0*r, a*s - 9 = -5*r. Suppose 2*x + 4*q = -6 - 10, 3*q = -s. Calculate z(x).
4
Let q = 425 - 423. Let d(n) = q + 16*n + 2*n**2 + 23*n - 41*n. What is d(2)?
6
Let y(k) = -6*k - 21 + 8*k - k + 608*k**2 - 585*k**2 - k**3. Determine y(23).
2
Let y = 161384 + -161397. Let o(a) be the second derivative of a**5/20 + 13*a**4/12 + a**3/2 + 5*a**2 + 2*a. What is o(y)?
-29
Suppose -46*s + 192 = -25 + 33. Let r(u) = u**3 - 3*u**2 + 6*u - 7. Calculate r(s).
33
Let z be 2/10 - 72/10. Let t be ((-6)/2)/(3/z). Let y(o) be the first derivative of -o**3/3 + 3*o**2 + 3*o + 986. Determine y(t).
-4
Let v(p) = -17*p**2 - 2*p - 1. Let k = 982 + 704. Suppose 1683*h - k*h - 3 = 0. Give v(h).
-16
Let m be (0 - 7)*(208/(-273))/(2/3). Let z(g) = -g**3 + 8*g**2 + g - 9. What is z(m)?
-1
Let j(n) = -n. Let k(b) = -b + 5. Let p(u) = 10*j(u) - 4*k(u). Determine p(-9).
34
Let a(c) = 2*c**3 - 108*c**2 - 225*c + 59. Let p be a(56). Let l be (-3 - 33/(-9))*3. Let z(i) = -4 - i**2 + 2*i**l + 0*i - 2*i. Give z(p).
-1
Let l be 14/(-7) - -28 - 4. Let k(d) = l*d + 37*d - 54*d. What is k(6)?
30
Let f = -1 + 2. Let o(j) = 110 + 10*j + 79 - 8*j - 187. Give o(f).
4
Let j(z) = 21*z + 0*z + 45 + z**3 - 65*z**2 + 7 + 14 + 70*z**2. What is j(-4)?
-2
Let w be 21 + ((-84)/(-7) - 25). Let t(l) = -6*l + 11. Calculate t(w).
-37
Let s(a) = -14 + 48 + 3 - 2*a - 10 - 14*a. Give s(-4).
91
Let l(w) be the second derivative of 0 - 4*w + 2*w**2 - 1/6*w**3. What is l(5)?
-1
Suppose 3*r + 305 = -2*r. Let k be r/(-21) - (-42)/441. Suppose 0*j + 2 = -2*l - j, j = k*l + 8. Let u(s) = -2*s**3 + 2*s - 1. Give u(l).
11
Let d(t) = -17*t. Let s be (1/((-5)/(-9)))/(6/50). Let m(x) = -2*x + 31. Let i be m(s). What is d(i)?
-17
Let p(k) = -2*k**2 + 347 - 593 + 249 + 2*k + 4*k**2. Determine p(0).
3
Let p(y) be the third derivative of y**4/24 + y**3 + 3*y**2. Let i(k) = -3*k + 9. Let b be i(-6). Suppose 0 = 5*n - a + b, 2*a = 3*n - 0*a + 12. Calculate p(n).
0
Let u = 268 + -172. Let y(j) = 97 + u + 2*j - 187. Determine y(-3).
0
Let l(y) = -y**3 - 2*y**2 - 4*y - 17. Let v be l(-3). Suppose s = -4*k + 2 + 5, -4*k = -4*s - 12. Let z(a) = -3*a + 4 - a + 2*a**k - 3. Give z(v).
17
Let f(r) = -6*r + 20. Let s = -7305 - -7312. Determine f(s).
-22
Suppose -4*a = 4*u - 192, -228 = -5*a - 0*a - u. Let c(m) = -34*m**2 - 4 + m**3 + 129*m**2 - a*m**2 - 42*m**2 + 5*m. Determine c(-7).
10
Let p(d) = 2*d**3 - 2*d + 1. Suppose -697*f + 693*f = -4. Suppose 6 = 2*m - w - f, -4*m = -w - 11. Calculate p(m).
13
Let q(j) = j**3 + 5*j**2 - 7*j - 14. Suppose 5*v - 3*y = 4*v - 8, y - 1 = 2*v. Let l be -3*1*v*(-18)/(-9). Let z be q(l). Let d(t) = -2*t - 4. Give d(z).
12
Let f(m) = 8. Let t(n) = -5*n + 3. Let j(s) = -6*f(s) + 4*t(s). Calculate j(6).
-156
Let f(g) = -g**3 - 9*g**2 + 9*g - 7. Let w be 68 - ((-3)/(12/8) - -2). Let v = w + -67. Let t be 40/6*(-3)/2*v. Calculate f(t).
3
Let m be ((-3 - -2) + 1)/2. Let y(p) be the third derivative of 5/2*p**3 + 7*p**2 + 0*p + 0*p**4 - 1/60*p**5 + 0. Calculate y(m).
15
Let h(z) = z**3 + 8*z**2 + 9*z + 2. Let b be 3/(414/63 - 7). Determine h(b).
-12
Let z(j) = 4*j**2 + 11*j + 136. Let y(v) = 3*v**2 + 7*v + 85. Let o(l) = -8*y(l) + 5*z(l). Calculate o(-2).
-14
Let o(n) = -2*n**2 - 20*n + 107. Let g(s) = -3*s**2 - 31*s + 161. Let k(q) = -5*g(q) + 7*o(q). Let f be k(-18). Let y(z) = -3*z**2 + 4*z + 3. What is y(f)?
-17
Let x(c) be the first derivative of 20*c - 3/4*c**4 - 15 + 0*c**2 + 1/6*c**3. Let d(h) be the first derivative of x(h). Determine d(1).
-8
Let p(w) = -32*w**3 - 20*w**2 + 12*w - 7. Let v(q) = -25*q**3 - 20*q**2 + 12*q - 5. Let b(z) = -4*p(z) + 5*v(z). Determine b(6).
3
Let l(m) = -2*m**3 + 25*m**2 + 14*m - 24. Let p = -2965 + 2978. Determine l(p).
-11
Let l(i) = -170*i - 175*i - 171*i + 538*i. Let v = -6 - -5. Give l(v).
-22
Let i(b) be the third derivative of -b**5/10 + b**4/24 + b**3/6 + 52*b**2. Let h(s) = -s**3 - 10*s**2 + 25*s + 11. Let c be h(-12). Calculate i(c).
-6
Let k(t) = -17*t + 199. Let y(g) = -2*g + 24. Let c(a) = 2*k(a) - 18*y(a). Give c(20).
6
Let w(u) be the third derivative of 0 + 0*u**3 + 0*u + 16*u**2 - 1/6*u**4 + 1/720*u**6 - 3/40*u**5. Let m(a) be the second derivative of w(a). Calculate m(8).
-1
Let b = 1 - -5. Let o(w) = -w**3 + 3*w**2 + 0*w**2 + 0 + 2*w + w**2 - b. Let m(q) = q**2 - 4*q + 4. Let k be m(4). Give o(k).
2
Let v(a) be the second derivative of a**4/12 - a**3/3 + 15*a**2 + 245*a. Let t(i) = 3*i**2 - 8*i + 89. Let p(y) = 6*t(y) - 17*v(y). What is p(11)?
-9
Let s = 195974 - 195955. Let n(y) = -2*y**3 + 23 + 3*y**3 + 18*y + 2 - 20*y**2. Give n(s).
6
Let j(y) be the second derivative of y**5/20 - 3*y**4/4 + 3*y**3/2 + 5*y**2 + 4832*y. Determine j(7).
-25
Let b(a) = a**3 - 38*a**2 - 3*a + 116. Let m be b(38). Let q(o) = -5*o**3 - o**2 - 2*o - 1. Let x be q(-1). Let f(s) = -2 - s**m + x - 7*s + 2. What is f(-6)?
11
Let w be (3 + 52/(-20))/((-1)/10). Let v(m) = -35*m**3 + 182*m**2 - 12*m + 1. Let l(k) = 3*k**3 - 16*k**2 + k. Let u(h) = -23*l(h) - 2*v(h). Determine u(w).
-6
Suppose -268*s + 930 - 2806 = 0. Let m(p) = -p - 2 - 1 + 0. Give m(s).
4
Let j = -11962 - -11956. Let g(z) = -16*z - 62. Give g(j).
34
Let a(s) = s**2 - 165*s - 34. Let v(n) = 57*n. Let r(l) = -a(l) - 3*v(l). What is r(4)?
-6
Let r(y) = y**2 - 32*y + 3. Let d(m) = -21*m + 1. Let p(o) = 5*d(o) - 3*r(o). What is p(-2)?
2
Suppose -20*q = -27*q + 14. Let r(p) = -15*p**2 - p - 15*p**2 + 24*p**q. Calculate r(-